z(l) = 68*l + 80. Calculate z(-3).
-124
Let h(r) = -4*r**3 - 5*r**2 - r - 4. Calculate h(-2).
10
Let c(l) = -l**3 - 39*l**2 - 79*l - 176. What is c(-37)?
9
Let v(y) = -282*y + 3. Calculate v(1).
-279
Let y(g) = g**2 - 94*g - 2554. Calculate y(116).
-2
Let f(q) = -5*q**2 - 56*q + 1390. What is f(12)?
-2
Let s(l) = -150*l + 1351. Calculate s(9).
1
Let r(s) = 127*s - 281. Give r(6).
481
Let p(t) = -154*t + 1031. What is p(7)?
-47
Let h(q) = 14*q**2 - 166*q + 1. Calculate h(12).
25
Let i(v) = -2*v**2 + 46*v + 205. What is i(26)?
49
Let c(z) = -z**2 + 51*z - 101. What is c(16)?
459
Let g(o) = -6*o**3 - 32*o**2 + 3*o - 17. Give g(-5).
-82
Let r(c) = 301*c + 19272. Calculate r(-64).
8
Let y(d) = 701*d + 25936. What is y(-37)?
-1
Let z(b) = -51*b - 674. Calculate z(-13).
-11
Let d(r) = -3*r**2 + 107*r - 85. Give d(35).
-15
Let b(a) = a**3 - 14*a**2 + 8*a + 72. What is b(13)?
7
Let l(z) = -3*z**3 - 164*z**2 + 6948*z - 116. Determine l(28).
-4
Let y(d) = 43*d**2 + 253*d - 39. Determine y(-6).
-9
Let f(i) = -72*i**2 - 502*i + 12. What is f(-7)?
-2
Let g(u) = 2*u**3 - 372*u**2 - 3507*u - 596. Give g(195).
-11
Let x(p) = 4*p**2 + 185*p + 1197. Determine x(-7).
98
Let t(n) = -654*n**3 + n**2 - 1. What is t(-1)?
654
Let q(n) = n**3 - n**2 - 23*n + 12. Determine q(7).
145
Let t(h) = -h**2 + 1308*h + 9204. What is t(-7)?
-1
Let y(a) = 252*a - 4783. Determine y(19).
5
Let j(b) = -311*b - 3052. Determine j(-10).
58
Let g(v) = 2*v**3 - 78*v**2 + 8*v - 308. Calculate g(39).
4
Let u(n) = n**3 - 3*n**2 - 57*n - 10. Give u(-7).
-101
Let x(u) = u**3 + 16*u**2 - 190*u + 27. Calculate x(7).
-176
Let z(c) = 133*c**2 + 489*c - 170. Calculate z(-4).
2
Let k(s) = 228*s - 215. Give k(2).
241
Let z(k) = 2*k**3 + 12*k**2 + 276*k + 1672. Determine z(-6).
16
Let d(j) = -149*j + 1635. Give d(11).
-4
Let c(h) = -h**3 + 16*h**2 - 3*h + 326. Determine c(17).
-14
Let n(k) = 2*k**3 + 63*k**2 - 47*k - 202. Calculate n(-32).
278
Let k(m) = -4*m**3 - 39*m**2 - 34*m + 17. Determine k(-8).
-159
Let m(k) = -2*k**3 - 29*k**2 + 44*k - 80. Give m(-16).
-16
Let v(h) = -5*h**2 + 9*h - 4. What is v(1)?
0
Let p(m) = 2*m**3 - 2*m**2 - 46*m + 12. Give p(5).
-18
Let t(q) = -q**2 + 317*q - 2110. What is t(7)?
60
Let a(h) = -2*h**3 - 12*h**2 + 9*h + 4. Calculate a(-8).
188
Let o(b) = 4*b**3 + 50*b**2 - 2*b + 24. Calculate o(-12).
336
Let c(x) = 3*x**3 - 5*x**2 + 13*x + 53. Give c(-5).
-512
Let j(i) = -10*i**2 - 21*i + 137. Give j(3).
-16
Let u(z) = -2*z**2 + 37*z + 612. Calculate u(29).
3
Let z(g) = -4*g**3 - 5*g**2 + 39*g + 7. Determine z(4).
-173
Let a(y) = 77*y - 553. Give a(6).
-91
Let f(p) = 245*p + 748. Calculate f(-3).
13
Let f(p) = -p**3 - 16*p**2 + 41*p + 90. What is f(-18)?
0
Let b(v) = v**3 + 5*v**2 + 13*v + 4. Calculate b(-5).
-61
Let t(z) = z**3 + 7*z**2 - 13*z - 4. Give t(2).
6
Let h(y) = -24*y - 37. Calculate h(-12).
251
Let c(t) = 91*t + 19. What is c(1)?
110
Let b(t) = -t - 603. Determine b(-32).
-571
Let k(s) = 8*s - 247. Calculate k(19).
-95
Let w(m) = 8*m**2 - 47*m + 33. Give w(5).
-2
Let v(x) = -6*x**2 + 359*x + 715. Give v(-2).
-27
Let u(k) = k**2 - 13*k - 155. Calculate u(21).
13
Let w(z) = -39*z - 114. What is w(-5)?
81
Let z(j) = 82*j + 252. Give z(-3).
6
Let r(t) = t**3 + 3*t**2 - 34*t + 27. Determine r(4).
3
Let q(z) = -5*z**2 - 152*z + 3888. Determine q(-47).
-13
Let s(b) = 8924*b - 44610. Calculate s(5).
10
Let w(r) = 3*r**3 + 88*r**2 + 33*r + 87. Calculate w(-29).
-29
Let o(w) = 2*w**3 + 51*w**2 - 79*w + 46. Determine o(-27).
-8
Let q(c) = 400*c + 1898. Give q(-5).
-102
Let c(u) = -u**3 + 15*u**2 + 15*u - 403. Calculate c(14).
3
Let n(m) = -m**2 + 4093*m - 32676. Determine n(8).
4
Let r(x) = x**3 + 10*x**2 + 15*x - 8. Give r(-6).
46
Let j(k) = k**3 + 19*k**2 - 25*k - 13. Give j(-20).
87
Let f(r) = -r**3 + 25*r**2 + 392*r + 142. What is f(36)?
-2
Let z(s) = -s**3 - 23*s**2 + 26*s + 36. What is z(-24)?
-12
Let j(m) = 5*m**2 + 36*m + 101. Determine j(-3).
38
Let s(m) = m**2 - 188*m - 4624. Determine s(-22).
-4
Let k(h) = 7*h**3 - 56*h**2 - 6*h + 30. Determine k(8).
-18
Let r(x) = 46*x - 237. Determine r(14).
407
Let r(n) = -2*n**2 - 42*n + 6850. Give r(49).
-10
Let y(z) = -437*z - 445. Calculate y(-1).
-8
Let w(o) = 2*o**3 - 137*o**2 + 75*o - 479. Calculate w(68).
-3
Let b(x) = -x**3 + 22*x**2 + 2*x - 55. Determine b(22).
-11
Let m(g) = -g**3 - 30*g**2 + 125*g - 245. Give m(-34).
129
Let u(o) = 188*o + 2665. Give u(-14).
33
Let q(s) = 27*s - 310. What is q(11)?
-13
Let b(u) = -11*u**2 - 125*u - 36. Determine b(-11).
8
Let c(p) = 4*p**3 - 102*p**2 + 39*p - 18. Calculate c(25).
-293
Let f(t) = 38*t**3 - 4*t**2 + 6*t - 3. Determine f(1).
37
Let i(d) = 302*d - 1538. Give i(5).
-28
Let j(m) = -m**2 + 162*m - 755. Calculate j(5).
30
Let h(w) = -2*w**2 + 701*w - 56388. Determine h(125).
-13
Let i(y) = y**3 - 29*y**2 - 26*y. Calculate i(31).
1116
Let b(v) = -5*v**3 + 79*v**2 + 14*v + 26. What is b(16)?
-6
Let k(u) = u**2 - 28*u + 120. Calculate k(23).
5
Let z(u) = 5*u**2 - 82*u - 85. Determine z(18).
59
Let i(n) = 3*n**3 - 14*n**2 + 25*n - 8. Give i(4).
60
Let g(p) = p**3 - 12*p**2 + 17*p - 90. Give g(11).
-24
Let i(k) = k**2 - 24*k - 429. Calculate i(-11).
-44
Let s(x) = 2*x**2 + 149*x - 948. What is s(6)?
18
Let f(z) = -36*z - 38. What is f(-6)?
178
Let y(m) = -443*m - 2510. Determine y(-5).
-295
Let n(g) = -g**2 + 27*g - 109. Give n(21).
17
Let q(s) = 2*s**3 + 77*s**2 - 45*s - 490. What is q(-39)?
-256
Let f(x) = 16*x - 14. What is f(2)?
18
Let g(n) = n**2 - 4*n - 50. Calculate g(9).
-5
Let w(d) = -d**2 + 77*d - 674. What is w(67)?
-4
Let z(i) = -276*i - 21. Determine z(1).
-297
Let h(r) = 5*r**2 + 136*r + 92. Give h(-30).
512
Let v(b) = -b**3 - 189*b + 363. Give v(2).
-23
Let a(r) = 609*r + 8516. What is a(-14)?
-10
Let z(g) = -315*g - 15108. Calculate z(-48).
12
Let s(q) = -183*q + 638. Calculate s(4).
-94
Let q(w) = w**3 + 12*w**2 + 31*w + 66. Give q(-10).
-44
Let n(p) = 2*p**3 - 375*p**2 + 99*p + 16448. Give n(187).
-8
Let k(w) = -6*w**3 - 10*w**2 - 13*w - 2. Calculate k(-4).
274
Let j(l) = l**3 - 14*l**2 - 18*l + 22. Give j(14).
-230
Let x(i) = -198*i - 977. Determine x(-5).
13
Let c(u) = -u**3 - 3*u**2 - u - 154. Determine c(0).
-154
Let p(q) = -q**2 - q + 138. What is p(11)?
6
Let j(t) = -t**3 + t**2 + 3*t - 16. Determine j(-4).
52
Let j(d) = 4*d**3 - 48*d**2 - 10*d - 34. Give j(12).
-154
Let q(v) = 291*v + 27633. What is q(-95)?
-12
Let y(k) = -11*k**2 + 25*k - 58. Give y(0).
-58
Let q(j) = j**2 + 110*j - 339. Give q(3).
0
Let y(k) = 3*k**2 - 21*k + 37. Determine y(8).
61
Let p(x) = -x**3 + 79*x**2 - 152*x - 184. What is p(77)?
-30
Let j(z) = -106*z + 1067. What is j(9)?
113
Let j(i) = -i**3 - 46*i**2 - 53*i - 266. Calculate j(-45).
94
Let t(b) = -192*b + 39. Calculate t(2).
-345
Let x(m) = m**3 - 38*m**2 - 123*m - 74. What is x(41)?
-74
Let f(g) = 498*g + 1991. Determine f(-4).
-1
Let o(z) = -3*z**2 - 342*z - 2. Give o(-114).
-2
Let k(n) = 38*n + 297. Give k(-8).
-7
Let k(p) = -p**2 - 372*p - 5445. What is k(-15)?
-90
Let i(a) = 2*a**3 - 162*a**2 - 332*a - 6. What is i(83)?
-6
Let x(l) = 102*l + 1492. Determine x(-15).
-38
Let u(m) = 2*m**3 - 80*m**2 + 79*m - 6. Calculate u(39).
33
Let c(z) = 25*z - 337. Determine c(22).
213
Let c(p) = -60*p**2 - 399*p + 138. Calculate c(-7).
-9
Let k(p) = 74*p - 3726. What is k(50)?
-26
Let m(w) = -2*w**2 + 372*w - 371. What is m(1)?
-1
Let k(t) = -t**3 - 63*t + 129. Calculate k(2).
-5
Let l(n) = n**2 - 8096*n - 24296. Determine l(-3).
1
Let i(y) = -y**3 - 51*y**2 - 42*y + 399. Determine i(-50).
-1
Let r(d) = 64*d - 2159. Determine r(32).
-111
Let d(t) = 103*t + 416. Calculate d(-4).
4
Let d(o) = 15*o**2 + 5*o - 6. Determine d(-1).
4
Let r(o) = 7*o**3 - 248*o**2 + 105*o - 2. What is r(35)?
-2
Let c(o) = -16*o - 529. Calculate c(-27).
-97
Let b(m) = 16*m**2 + 112*m - 85. Determine b(-9).
203
Let k(b) = -3*b**3 - 3*b**2 + 29*b + 31. Give k(-1).
2
Let k(l) = -58*l - 5005. What is k(-82)?
-249
Let p(b) = -307*b + 300. Determine p(2).
-314
Let b(s) = 89*s - 5160. Calculate b(58).
2
Let u(y) = -44*y**2 - 481*y + 21. What is u(-11)?
-12
Let m(x) = 17*x**2 + 5*x - 8. Determine m(4).
284
Let q(z) = 7532*z + 120505. Calculate q(-16).
-7
Let v(j) = -89*j - 814. Give v(-9).
-13
Let j(d) = 2273*d - 22712. Calculate j(10).
18
Let y(m) = 732*m - 1